r of s and 112.
16
Suppose 109*z = -3*c + 114*z + 188, -z - 116 = -2*c. Let d(s) = -35*s**2 - 1. Let o be d(1). Let m = c + o. What is the greatest common factor of m and 100?
20
Let v(u) = -2*u**3 + 97*u**2 - 43*u - 49. Let g be v(47). Calculate the greatest common factor of 294 and g.
147
Let y = -338 + 359. Let j be (y + -15)/(4/(-78)*-3). Calculate the highest common divisor of j and 663.
39
Let x be (-100)/50 - (-44 + -2)/(-1). Let q be (-2)/3 - 752/x. What is the highest common factor of q and 255?
15
Suppose -5*m + 3014 + 7585 = -4*m. What is the highest common factor of m and 3?
3
Let i(s) = -49*s + 5989. Let q be i(34). What is the highest common divisor of 429 and q?
33
Let j be 468/234*((-3)/(-2) - 0). Suppose 4*r - 204 = j*r + 2*f, 15 = -5*f. What is the greatest common divisor of 22 and r?
22
Let c(s) = -s**2 - 6*s - 3. Let r be c(-2). Suppose -21*l = -r*l - 160. Calculate the highest common factor of 80 and l.
10
Let y = 1567 + -1469. What is the greatest common divisor of y and 3479?
49
Let x(g) = 6*g**3 - 28*g**2 - 9*g - 17. Let t be x(5). Let f be (14/8)/((-2)/8). Let p be t/63*-30 + (-2)/f. Calculate the greatest common factor of 30 and p.
6
Suppose 2*c + 4*p - 208 = 0, 0 = -21*p + 18*p + 12. Let d = 232 - c. Let b = 27 + -10. What is the greatest common factor of b and d?
17
Let j be (-101745)/190*1*(-8)/36. Let s = -8 + 6. Let t be (34/(-6))/(s/6). Calculate the greatest common divisor of j and t.
17
Let o(k) = -k**2 + 57*k - 280. Let r be o(50). What is the highest common divisor of 260 and r?
10
Suppose -10*a = -11*a + 343. Let w = a - 321. Suppose 5*t + 2*u - 503 = 0, 109 + 109 = 2*t + 5*u. Calculate the greatest common factor of t and w.
11
Suppose 2*x + 90 = 3*l - 26, 2*l + 5*x = 52. Let j be (-96)/l*(-3)/6*1143. Calculate the greatest common divisor of 12 and j.
12
Let d be 10/(-4)*(-48)/40. Let g be 4/(60/d) + (-188)/(-10). What is the highest common factor of 437 and g?
19
Suppose 4 + 8 = y + c, -4*c - 12 = 0. Let u be -1*1/(1/76). Let p = u - -79. What is the highest common divisor of y and p?
3
Let n = 232 + -225. Suppose 0 = n*x + 252 - 602. Calculate the greatest common factor of x and 50.
50
Suppose -m = -0*c + 4*c - 712, 4*c + 728 = m. What is the greatest common factor of 10260 and m?
180
Let k be 11/3 + (-2)/(-6). Suppose d - 73 = -72. Let j be d - (-2)/((-6)/(-105)). Calculate the greatest common divisor of j and k.
4
Let g(a) = 2 - 1 - 2 - 4*a + 0. Let h(r) = r**2 - r - 2. Let d be h(1). Let t be g(d). What is the greatest common factor of t and 63?
7
Suppose 0 = 4*t - 4*n - 40, -4 = -4*t - 3*n - 20. Let a = 11 - 0. Suppose -6*b + a*b = 90. Calculate the highest common factor of t and b.
2
Suppose -3*j + 52 = -4*y - 2250, -2*j + 4*y = -1540. Let q be j - (-4 + (-25)/(-5)). Suppose 8*s - q - 71 = 0. Calculate the highest common divisor of s and 8.
8
Let u = 242 - -34. Let t = 148 + -136. What is the highest common divisor of u and t?
12
Let g(i) = 6*i**2 - 154*i + 266. Let v be g(24). Let w be 1/4 + (-933)/(-12). What is the highest common factor of v and w?
26
Let t(y) = 3*y**2 - 91*y - 259. Let x be t(33). What is the highest common factor of x and 52?
1
Let d = -19312 + 19326. Suppose 15 = -t - 4*b, -2*b - 2*b - 16 = 0. Let h be ((-28)/10)/(t/(-5)). What is the greatest common divisor of h and d?
14
Suppose -2583 = -85*h - 76*h + 38*h. Calculate the highest common factor of 6153 and h.
21
Let a(u) = u**3 - 17*u**2 - 18*u + 5. Let l be a(18). Suppose -5*r + 69 = 4*n - 21, -5*r - 135 = -l*n. Calculate the highest common factor of 20 and n.
5
Let k be (0 - -3*8)*(-165)/(-60). What is the greatest common divisor of k and 1485?
33
Let t be (-122)/(-5) + 1 + (63 - (-16848)/(-270)). Let z(h) = -69*h + 1. Let m be z(-3). What is the greatest common divisor of t and m?
26
Suppose -2496 = 2*t - 14*t. Let r = 209 - t. What is the highest common divisor of 1 and r?
1
Let v = 221 + -217. Let m be (-1 + v)/((-33)/(-88)). Calculate the greatest common factor of 12 and m.
4
Let x(m) = -m**2 + 64*m + 836. Let k be x(0). Let o = k - 763. What is the greatest common divisor of o and 292?
73
Let l(r) = r**2 - 11*r - 323. Let w be l(-19). Suppose -8*y + 7*y + w = 0. Calculate the highest common divisor of y and 26.
13
Let n = 2 - -2. Suppose 3*y - 7*y + 2*a = -506, 5*y - 637 = n*a. Let p(s) = 23*s + 163. Let b be p(-6). Calculate the highest common factor of b and y.
25
Suppose 7*i = -6*i + 455. Let t = 59 - 53. Suppose -3*h - 945 = -t*h. Calculate the highest common divisor of h and i.
35
Let l be 2/((-16)/27608*-7). What is the greatest common divisor of 87 and l?
29
Suppose -136*f + 127*f = -1647. Calculate the greatest common factor of f and 39.
3
Let m = 32564 + -29935. Calculate the highest common factor of 2151 and m.
239
Suppose -4*s = 101 - 1597. Suppose 3*m + s = -688. Let t = 882 + m. Calculate the highest common divisor of 48 and t.
48
Let n(x) = -x**2 + 16*x - 58. Let b be n(9). Suppose 14*w - 89 + b = 0. Let o be (-27)/(-5) + 18/30. Calculate the highest common divisor of o and w.
6
Suppose 0 = 4*w - t - 214, -4*t - 33 = -w + 13. Suppose -105*k - 3191 = -7130 - 11181. Calculate the greatest common factor of w and k.
18
Let k(u) = -2*u - 5. Suppose 153*n - 150*n + 18 = 0. Let z be k(n). Let x be ((-28)/6)/((-5)/30). Calculate the greatest common divisor of z and x.
7
Suppose 14 = -3*g + g. Let t = g - -11. Suppose -i - 171 = -215. What is the greatest common factor of t and i?
4
Let b(f) = -f**2 - 10*f + 44. Let z be b(-13). Suppose -3*x = 10*p - z*p - 281, 465 = 5*x + 5*p. Calculate the highest common divisor of x and 69.
23
Let p be (-4 + 86/7 + -4)/(3/14). What is the greatest common factor of 1130 and p?
10
Let z(m) = 88*m**2 - m - 2. Let p be z(-1). Let o = p - 22. Suppose -4*r + o = 3*l, 2*l - 4*r - 40 = -2*l. Calculate the highest common divisor of l and 60.
15
Let w(i) = -i**2 - 24 + 6*i - 3*i**3 + 3*i**2 + 2*i**3 + 17. Let s be w(3). Let b be (-18)/81 - 10/(-9)*s. What is the highest common factor of b and 22?
2
Suppose 2129 = 7*c + 5454. Let t = c - -682. What is the highest common factor of t and 9?
9
Let j = 13 - 13. Suppose -8 = -2*y - j. Suppose -729 = -7*o + y*o. Calculate the highest common factor of o and 27.
27
Let z = 108 - 105. Let x be (27/z)/(45/60). Calculate the highest common factor of 48 and x.
12
Let a = 13405 + -13397. Suppose -6 = -2*k, 3*d + 1 = 4*k + 49. What is the highest common factor of a and d?
4
Let h(b) = 6*b**2 + 8*b - 6. Let y be h(-6). Let n be 271/15 + (-2)/(-90)*-3. What is the highest common divisor of n and y?
18
Suppose -3*i = -4*z + 64, i + 2*z + 2*z = -48. Let x = 4 - i. Calculate the highest common factor of 16 and x.
16
Let f(c) be the first derivative of 4*c**2 + 158*c + 82. Let x be f(-17). Let a(g) = 7*g**2 - 2. Let q be a(4). Calculate the highest common divisor of x and q.
22
Suppose r = 5*h + 46, 0*r - r = -4*h - 41. Let w = 33153 + -33135. Calculate the greatest common divisor of r and w.
3
Let n(h) = 26725*h**2 - 807*h + 2. Let m be n(1). What is the greatest common divisor of 162 and m?
162
Suppose 0 = 4*a - 16, 38*t - 40*t + 5*a = -3014. Calculate the highest common factor of t and 37.
37
Let j = -299 + 302. Suppose 2*u = -j*t - 3*u + 3275, 4*u = -t + 1080. Calculate the highest common factor of t and 44.
44
Suppose -4*h + 77 = -3*j - 73, 0 = 2*h. Let f = j - -58. What is the highest common factor of 256 and f?
8
Let x(r) = -r**3 - 8*r**2 - 2*r + 16. Suppose y + 5*y + 54 = 0. Let n be x(y). Let v be 2/(-4) - (n/(-10) + 3). What is the greatest common divisor of 24 and v?
8
Suppose p = v - 7, 61*p + 14 = 2*v + 62*p. Calculate the highest common factor of 721 and v.
7
Suppose -2*p + 4*h + 68 = 0, 2*h = 5*h + 3. Let j = 200 - 196. Suppose 3*v = -j*v + 1568. Calculate the highest common divisor of v and p.
32
Let l be 2*(-6)/44 - (-104860)/1078. Calculate the greatest common factor of 97 and l.
97
Let h(l) = 3*l**2 + 11*l - 2. Let s = 53 - 57. Let n be h(s). Suppose -n*i = 2*i + 4*g - 324, -g = -5. Calculate the highest common factor of 19 and i.
19
Let m(l) = -4950*l + 170. Let g(n) = 550*n - 19. Let a(w) = 35*g(w) + 4*m(w). Let z be a(-1). What is the highest common divisor of 5 and z?
5
Suppose -2358 - 1602 = -22*a. Calculate the highest common fact